6.
2, 19, 57154481
List the prime factors of 41667280.
2, 5, 520841
List the prime factors of 674076137.
7, 96296591
What are the prime factors of 414896621?
18749, 22129
What are the prime factors of 142742583?
3, 15860287
List the prime factors of 733982768.
2, 19, 2414417
List the prime factors of 756500553.
3, 41, 75931
What are the prime factors of 805146876?
2, 3, 347, 64453
What are the prime factors of 14397172?
2, 23, 156491
What are the prime factors of 18886990?
2, 5, 359, 5261
List the prime factors of 908163.
3, 100907
List the prime factors of 765086649.
3, 17, 151, 99349
List the prime factors of 43087827.
3, 14362609
List the prime factors of 1820481895.
5, 53, 6869743
List the prime factors of 323890421.
499, 649079
What are the prime factors of 48740446?
2, 1123, 21701
What are the prime factors of 148414170?
2, 3, 5, 23, 29, 7417
List the prime factors of 199214652.
2, 3, 7, 13, 182431
List the prime factors of 1801345237.
29, 131, 474163
List the prime factors of 78681556.
2, 347, 56687
List the prime factors of 807898918.
2, 59, 71, 96431
List the prime factors of 8987122930.
2, 5, 17, 19, 2782391
List the prime factors of 113665166.
2, 1721, 33023
What are the prime factors of 3393644963?
23, 367, 402043
List the prime factors of 1729352345.
5, 7, 7058581
What are the prime factors of 143509073?
109, 727, 1811
What are the prime factors of 4069617330?
2, 3, 5, 135653911
List the prime factors of 169781548.
2, 347, 122321
List the prime factors of 26941130.
2, 5, 1511, 1783
List the prime factors of 181650933.
3, 17, 1187261
What are the prime factors of 61127350?
2, 5, 31, 113, 349
What are the prime factors of 22683287?
11, 17, 101, 1201
List the prime factors of 5269715227.
7, 19, 167, 237257
List the prime factors of 709755697.
7, 19, 5336509
What are the prime factors of 2527303935?
3, 5, 13, 83, 156151
What are the prime factors of 287365090?
2, 5, 83, 346223
List the prime factors of 493795284.
2, 3, 173, 237859
What are the prime factors of 38500070?
2, 5, 7, 17, 32353
What are the prime factors of 184214491?
79, 2331829
List the prime factors of 701376173.
751, 933923
What are the prime factors of 653439130?
2, 5, 127, 514519
List the prime factors of 25281670.
2, 5, 2528167
List the prime factors of 786130141.
701, 911, 1231
List the prime factors of 373434688.
2, 11, 530447
What are the prime factors of 3076857138?
2, 3, 29, 17683087
List the prime factors of 172446542.
2, 86223271
What are the prime factors of 3488076002?
2, 1744038001
List the prime factors of 572981701.
4993, 114757
What are the prime factors of 181457880?
2, 3, 5, 31, 48779
What are the prime factors of 3827585567?
13, 73, 4033283
What are the prime factors of 18164893?
19, 241, 3967
List the prime factors of 307027941.
3, 11, 163, 5189
List the prime factors of 859983659.
67, 12835577
What are the prime factors of 6702293083?
41, 43, 607, 6263
What are the prime factors of 5029035550?
2, 5, 7, 11, 1306243
List the prime factors of 303408486.
2, 3, 17, 991531
What are the prime factors of 2200845633?
3, 7, 179, 83641
List the prime factors of 8470233120.
2, 3, 5, 463, 38113
What are the prime factors of 2022411437?
673, 1627, 1847
What are the prime factors of 2959223512?
2, 7, 3469, 15233
List the prime factors of 71554625.
5, 572437
List the prime factors of 77077298.
2, 79, 487831
List the prime factors of 376622761.
41, 9185921
List the prime factors of 33908341.
33908341
List the prime factors of 413494391.
23, 47, 382511
List the prime factors of 81853389.
3, 23, 89, 1481
List the prime factors of 975235195.
5, 11, 47, 34297
List the prime factors of 893277898.
2, 446638949
What are the prime factors of 3070066492?
2, 1093, 702211
What are the prime factors of 798674635?
5, 11, 613, 23689
List the prime factors of 50371605.
3, 5, 67, 5569
List the prime factors of 80449149.
3, 11, 221623
What are the prime factors of 37924985?
5, 7, 1083571
List the prime factors of 80814845.
5, 37, 43, 10159
List the prime factors of 33365677.
41, 813797
List the prime factors of 37557283.
1019, 36857
List the prime factors of 2930693561.
10663, 274847
What are the prime factors of 170254118?
2, 2477, 34367
List the prime factors of 280952110.
2, 5, 43, 151, 4327
What are the prime factors of 84930094?
2, 42465047
What are the prime factors of 32963092?
2, 157, 52489
What are the prime factors of 3450116369?
7, 10333, 47699
What are the prime factors of 40225038?
2, 3, 7, 43, 22273
List the prime factors of 893140380.
2, 3, 5, 11, 31, 14551
List the prime factors of 58689588.
2, 3, 67, 72997
What are the prime factors of 3994298140?
2, 5, 7, 28530701
List the prime factors of 2316230742.
2, 3, 7, 55148351
List the prime factors of 2023891874.
2, 24359, 41543
What are the prime factors of 55157533?
55157533
List the prime factors of 1295653435.
5, 977, 265231
What are the prime factors of 29831294?
2, 17, 199, 4409
What are the prime factors of 40267449?
3, 563, 883
List the prime factors of 13410773.
17, 788869
What are the prime factors of 108688411?
13, 859, 9733
List the prime factors of 19694899.
7, 89, 101, 313
What are the prime factors of 17560430?
2, 5, 71, 24733
List the prime factors of 47428514.
2, 7, 29, 116819
What are the prime factors of 48950459?
271, 180629
List the prime factors of 11146824.
2, 3, 13, 11909
What are the prime factors of 1089902548?
2, 7, 19, 83, 24683
What are the prime factors of 1324663365?
3, 5, 67, 1318073
List the prime factors of 67662362.
2, 67, 504943
What are the prime factors of 560324388?
2, 3, 13, 1039, 3457
List the prime factors of 866776247.
223, 3886889
What are the prime factors of 81791308?
2, 20447827
List the prime factors of 1645613543.
7, 673, 349313
What are the prime factors of 127844647?
7, 18263521
List the prime factors of 642208448.
2, 7, 73, 269
What are the prime factors of 3164148488?
2, 12893, 30677
What are the prime factors of 132766024?
2, 71, 233743
What are the prime factors of 34523298?
2, 3, 1917961
List the prime factors of 1148220247.
389, 2951723
List the prime factors of 2490182700.
2, 3, 5, 79, 105071
List the prime factors of 71062521.
3, 769, 30803
What are the prime factors of 20399158?
2, 13, 784583
List the prime factors of 68572438.
2, 11, 191, 16319
What are the prime factors of 90328351?
59, 151, 10139
List the prime factors of 3241753115.
5, 19, 34123717
List the prime factors of 436994723.
11, 39726793
What are the prime factors of 533802768?
2, 3, 23, 29, 16673
List the prime factors of 2428402.
2, 29, 149, 281
What are the prime factors of 58969819?
47, 523, 2399
What are the prime factors of 177067349?
177067349
List the prime factors of 38647089.
3, 13, 25409
What are the prime factors of 240016423?
71, 461, 7333
What are the prime factors of 88304912?
2, 23, 10433
List the prime factors of 4570504.
2, 349, 1637
What are the prime factors of 548318948?
2, 19, 31, 211, 1103
What are the prime factors of 3553267420?
2, 5, 71, 2502301
What are the prime factors of 1945967313?
3, 9767, 66413
List the prime factors of 811210459.
37, 47, 193, 2417
List the prime factors of 537985280.
2, 5, 7, 97, 619
List the prime factors of 2742258296.
2, 19, 18041173
List the prime factors of 1056963303.
3, 11, 367, 9697
What are the prime factors of 30626890?
2, 5, 7, 437527
List the prime factors of 516272304.
2, 3, 10755673
What are the prime factors of 20378346?
2, 3, 31, 331
What are the prime factors of 89875965?
3, 5, 5991731
List the prime factors of 73583350.
2, 5, 1471667
List the prime factors of 2026607056.
2, 3217, 39373
What are the prime factors of 266884638?
2, 3, 61, 331, 2203
What are the prime factors of 26790133?
19, 1410007
List the prime factors of 291568425.
3, 5, 41, 94819
What are the prime factors of 724030425?
3, 5, 17, 73, 2593
What are the prime factors of 103060375?
5, 11, 17, 4409
List the prime factors of 84511454.
2, 17, 2485631
What are the prime factors of 22644691?
971, 23321
List the prime factors of 546484107.
3, 13, 197, 71129
What are the prime factors of 43842519?
3, 7, 19, 29, 421
What are the prime factors of 1243828?
2, 103, 3019
What are the prime factors of 148299890?
2, 5, 14829989
List the prime factors of 48010003.
311, 154373